{"id":866,"date":"2017-08-21T14:33:26","date_gmt":"2017-08-21T12:33:26","guid":{"rendered":"http:\/\/sick-stiftung.org\/rws\/?post_type=avada_portfolio&#038;p=866"},"modified":"2017-10-04T15:14:47","modified_gmt":"2017-10-04T13:14:47","slug":"zmf-gala-heim-und-fluchtorchester","status":"publish","type":"avada_portfolio","link":"https:\/\/sick-stiftung.org\/rws\/portfolio-items\/zmf-gala-heim-und-fluchtorchester\/","title":{"rendered":"ZMF Gala Heim- und Fluchtorchester"},"content":{"rendered":"<p>Der F\u00f6rderkreis Freiburger Musikfestival e. V. begleitet und unterst\u00fctzt seit vielen Jahren die Freiburger Kulturarbeit \u2013 vor allem das Zelt-Musik-Festival (ZMF)\u00a0\u2013 aber auch weitere, kleinere Institutionen, wie die Internationale Klavierakademie oder das Fest der Innenh\u00f6fe. Seit November 2012 ist der F\u00f6rderkreis au\u00dferdem Tr\u00e4ger der \u201cKulturstiftung Musik f\u00fcr Menschen\u201d. Der Stiftungszweck lautet \u201eF\u00f6rderung von Kunst und Kultur, insbesondere der Entstehung und Umsetzung von Musik und wird in erster Linie durch die Zusammenarbeit mit dem ZMF verwirklicht. Seit vielen Jahren veranstaltet der F\u00f6rderkreis ein umfangreiches Programm der kulturellen Bildung f\u00fcr Kinder und Jugendliche\u00a0auf dem ZMF und unterst\u00fctzt daneben viele Veranstaltungen, die sich \u00f6konomisch nicht selbst tragen, aber unbedingt wertvolle Beitr\u00e4ge bilden \u2013 h\u00e4ufig Elemente der Klassik und des Jazz. Zudem veranstaltet der F\u00f6rderkreis Freiburger Musikfestival e. V. j\u00e4hrlich eine Spendengala f\u00fcr wohlt\u00e4tige Zwecke. In den Jahren 2016 und 2017 kamen die Spendengelder der Asylantenhilfe zugute.<\/p>\n\n\t\t<style type=\"text\/css\">\n\t\t\t#gallery-1 {\n\t\t\t\tmargin: auto;\n\t\t\t}\n\t\t\t#gallery-1 .gallery-item {\n\t\t\t\tfloat: left;\n\t\t\t\tmargin-top: 10px;\n\t\t\t\ttext-align: center;\n\t\t\t\twidth: 33%;\n\t\t\t}\n\t\t\t#gallery-1 img {\n\t\t\t\tborder: 2px solid #cfcfcf;\n\t\t\t}\n\t\t\t#gallery-1 .gallery-caption {\n\t\t\t\tmargin-left: 0;\n\t\t\t}\n\t\t\t\/* see gallery_shortcode() in wp-includes\/media.php *\/\n\t\t<\/style>\n\t\t<div id='gallery-1' class='gallery galleryid-866 gallery-columns-3 gallery-size-thumbnail'><dl class='gallery-item'>\n\t\t\t<dt class='gallery-icon landscape'>\n\t\t\t\t<a data-rel=\"iLightbox[postimages]\" data-title=\"ZMF-Gala-web3\" data-caption=\"\" href='https:\/\/sick-stiftung.org\/rws\/wp-content\/uploads\/2017\/08\/ZMF-Gala-web3.jpg'><img width=\"400\" height=\"225\" src=\"https:\/\/sick-stiftung.org\/rws\/wp-content\/uploads\/2017\/08\/ZMF-Gala-web3-400x225.jpg\" class=\"attachment-thumbnail size-thumbnail\" alt=\"\" srcset=\"https:\/\/sick-stiftung.org\/rws\/wp-content\/uploads\/2017\/08\/ZMF-Gala-web3-200x113.jpg 200w, https:\/\/sick-stiftung.org\/rws\/wp-content\/uploads\/2017\/08\/ZMF-Gala-web3-300x169.jpg 300w, https:\/\/sick-stiftung.org\/rws\/wp-content\/uploads\/2017\/08\/ZMF-Gala-web3-400x225.jpg 400w, https:\/\/sick-stiftung.org\/rws\/wp-content\/uploads\/2017\/08\/ZMF-Gala-web3-600x338.jpg 600w, https:\/\/sick-stiftung.org\/rws\/wp-content\/uploads\/2017\/08\/ZMF-Gala-web3-768x432.jpg 768w, https:\/\/sick-stiftung.org\/rws\/wp-content\/uploads\/2017\/08\/ZMF-Gala-web3-800x450.jpg 800w, https:\/\/sick-stiftung.org\/rws\/wp-content\/uploads\/2017\/08\/ZMF-Gala-web3-1024x576.jpg 1024w, https:\/\/sick-stiftung.org\/rws\/wp-content\/uploads\/2017\/08\/ZMF-Gala-web3.jpg 1200w\" sizes=\"(max-width: 400px) 100vw, 400px\" \/><\/a>\n\t\t\t<\/dt><\/dl><dl class='gallery-item'>\n\t\t\t<dt class='gallery-icon landscape'>\n\t\t\t\t<a data-rel=\"iLightbox[postimages]\" data-title=\"ZMF-Gala-web2\" data-caption=\"\" href='https:\/\/sick-stiftung.org\/rws\/wp-content\/uploads\/2017\/08\/ZMF-Gala-web2.jpg'><img width=\"400\" height=\"225\" src=\"https:\/\/sick-stiftung.org\/rws\/wp-content\/uploads\/2017\/08\/ZMF-Gala-web2-400x225.jpg\" class=\"attachment-thumbnail size-thumbnail\" alt=\"\" srcset=\"https:\/\/sick-stiftung.org\/rws\/wp-content\/uploads\/2017\/08\/ZMF-Gala-web2-200x113.jpg 200w, https:\/\/sick-stiftung.org\/rws\/wp-content\/uploads\/2017\/08\/ZMF-Gala-web2-300x169.jpg 300w, https:\/\/sick-stiftung.org\/rws\/wp-content\/uploads\/2017\/08\/ZMF-Gala-web2-400x225.jpg 400w, https:\/\/sick-stiftung.org\/rws\/wp-content\/uploads\/2017\/08\/ZMF-Gala-web2-600x338.jpg 600w, https:\/\/sick-stiftung.org\/rws\/wp-content\/uploads\/2017\/08\/ZMF-Gala-web2-768x432.jpg 768w, https:\/\/sick-stiftung.org\/rws\/wp-content\/uploads\/2017\/08\/ZMF-Gala-web2-800x450.jpg 800w, https:\/\/sick-stiftung.org\/rws\/wp-content\/uploads\/2017\/08\/ZMF-Gala-web2-1024x576.jpg 1024w, https:\/\/sick-stiftung.org\/rws\/wp-content\/uploads\/2017\/08\/ZMF-Gala-web2.jpg 1200w\" sizes=\"(max-width: 400px) 100vw, 400px\" \/><\/a>\n\t\t\t<\/dt><\/dl><dl class='gallery-item'>\n\t\t\t<dt class='gallery-icon portrait'>\n\t\t\t\t<a data-rel=\"iLightbox[postimages]\" data-title=\"ZMF-Gala-web1\" data-caption=\"\" href='https:\/\/sick-stiftung.org\/rws\/wp-content\/uploads\/2017\/08\/ZMF-Gala-web1.jpg'><img width=\"400\" height=\"225\" src=\"https:\/\/sick-stiftung.org\/rws\/wp-content\/uploads\/2017\/08\/ZMF-Gala-web1-400x225.jpg\" class=\"attachment-thumbnail size-thumbnail\" alt=\"\" \/><\/a>\n\t\t\t<\/dt><\/dl><br style=\"clear: both\" \/>\n\t\t<\/div>\n\n","protected":false},"excerpt":{"rendered":"<p>Der F\u00f6rderkreis Freiburger Musikfestival e. V. begleitet und unterst\u00fctzt seit vielen Jahren die Freiburger Kulturarbeit \u2013 vor allem das Zelt-Musik-Festival (ZMF)\u00a0\u2013 aber auch weitere, kleinere Institutionen, wie die Internationale Klavierakademie oder das Fest der Innenh\u00f6fe. Seit November 2012 ist der F\u00f6rderkreis au\u00dferdem Tr\u00e4ger der \u201cKulturstiftung Musik f\u00fcr Menschen\u201d. Der Stiftungszweck lautet \u201eF\u00f6rderung von Kunst und [&hellip;]<\/p>\n","protected":false},"author":1,"featured_media":949,"menu_order":0,"comment_status":"open","ping_status":"closed","template":"","format":"standard","meta":[],"portfolio_category":[8],"portfolio_skills":[],"portfolio_tags":[],"_links":{"self":[{"href":"https:\/\/sick-stiftung.org\/rws\/wp-json\/wp\/v2\/avada_portfolio\/866"}],"collection":[{"href":"https:\/\/sick-stiftung.org\/rws\/wp-json\/wp\/v2\/avada_portfolio"}],"about":[{"href":"https:\/\/sick-stiftung.org\/rws\/wp-json\/wp\/v2\/types\/avada_portfolio"}],"author":[{"embeddable":true,"href":"https:\/\/sick-stiftung.org\/rws\/wp-json\/wp\/v2\/users\/1"}],"replies":[{"embeddable":true,"href":"https:\/\/sick-stiftung.org\/rws\/wp-json\/wp\/v2\/comments?post=866"}],"version-history":[{"count":5,"href":"https:\/\/sick-stiftung.org\/rws\/wp-json\/wp\/v2\/avada_portfolio\/866\/revisions"}],"predecessor-version":[{"id":1098,"href":"https:\/\/sick-stiftung.org\/rws\/wp-json\/wp\/v2\/avada_portfolio\/866\/revisions\/1098"}],"wp:featuredmedia":[{"embeddable":true,"href":"https:\/\/sick-stiftung.org\/rws\/wp-json\/wp\/v2\/media\/949"}],"wp:attachment":[{"href":"https:\/\/sick-stiftung.org\/rws\/wp-json\/wp\/v2\/media?parent=866"}],"wp:term":[{"taxonomy":"portfolio_category","embeddable":true,"href":"https:\/\/sick-stiftung.org\/rws\/wp-json\/wp\/v2\/portfolio_category?post=866"},{"taxonomy":"portfolio_skills","embeddable":true,"href":"https:\/\/sick-stiftung.org\/rws\/wp-json\/wp\/v2\/portfolio_skills?post=866"},{"taxonomy":"portfolio_tags","embeddable":true,"href":"https:\/\/sick-stiftung.org\/rws\/wp-json\/wp\/v2\/portfolio_tags?post=866"}],"curies":[{"name":"wp","href":"https:\/\/api.w.org\/{rel}","templated":true}]}}

<p>Der Förderkreis Freiburger Musikfestival e. V. begleitet und unterstützt seit vielen Jahren die Freiburger Kulturarbeit – vor allem das Zelt-Musik-Festival (ZMF) – aber auch weitere, kleinere Institutionen, wie die Internationale Klavierakademie oder das Fest der Innenhöfe. Seit November 2012 ist der Förderkreis außerdem Träger der “Kulturstiftung Musik für Menschen”. Der Stiftungszweck lautet „Förderung von Kunst und Kultur, insbesondere der Entstehung und Umsetzung von Musik und wird in erster Linie durch die Zusammenarbeit mit dem ZMF verwirklicht. Seit vielen Jahren veranstaltet der Förderkreis ein umfangreiches Programm der kulturellen Bildung für Kinder und Jugendliche auf dem ZMF und unterstützt daneben viele Veranstaltungen, die sich ökonomisch nicht selbst tragen, aber unbedingt wertvolle Beiträge bilden – häufig Elemente der Klassik und des Jazz. Zudem veranstaltet der Förderkreis Freiburger Musikfestival e. V. jährlich eine Spendengala für wohltätige Zwecke. In den Jahren 2016 und 2017 kamen die Spendengelder der Asylantenhilfe zugute.</p>

		<style type="text/css">
			#gallery-1 {
				margin: auto;
			}
			#gallery-1 .gallery-item {
				float: left;
				margin-top: 10px;
				text-align: center;
				width: 33%;
			}
			#gallery-1 img {
				border: 2px solid #cfcfcf;
			}
			#gallery-1 .gallery-caption {
				margin-left: 0;
			}
			/* see gallery_shortcode() in wp-includes/media.php */
		</style>
		<div id='gallery-1' class='gallery galleryid-866 gallery-columns-3 gallery-size-thumbnail'><dl class='gallery-item'>
			<dt class='gallery-icon landscape'>
				<a data-rel="iLightbox[postimages]" data-title="ZMF-Gala-web3" data-caption="" href='https://sick-stiftung.org/rws/wp-content/uploads/2017/08/ZMF-Gala-web3.jpg'><img width="400" height="225" src="https://sick-stiftung.org/rws/wp-content/uploads/2017/08/ZMF-Gala-web3-400x225.jpg" class="attachment-thumbnail size-thumbnail" alt="" srcset="https://sick-stiftung.org/rws/wp-content/uploads/2017/08/ZMF-Gala-web3-200x113.jpg 200w, https://sick-stiftung.org/rws/wp-content/uploads/2017/08/ZMF-Gala-web3-300x169.jpg 300w, https://sick-stiftung.org/rws/wp-content/uploads/2017/08/ZMF-Gala-web3-400x225.jpg 400w, https://sick-stiftung.org/rws/wp-content/uploads/2017/08/ZMF-Gala-web3-600x338.jpg 600w, https://sick-stiftung.org/rws/wp-content/uploads/2017/08/ZMF-Gala-web3-768x432.jpg 768w, https://sick-stiftung.org/rws/wp-content/uploads/2017/08/ZMF-Gala-web3-800x450.jpg 800w, https://sick-stiftung.org/rws/wp-content/uploads/2017/08/ZMF-Gala-web3-1024x576.jpg 1024w, https://sick-stiftung.org/rws/wp-content/uploads/2017/08/ZMF-Gala-web3.jpg 1200w" sizes="(max-width: 400px) 100vw, 400px" /></a>
			</dt></dl><dl class='gallery-item'>
			<dt class='gallery-icon landscape'>
				<a data-rel="iLightbox[postimages]" data-title="ZMF-Gala-web2" data-caption="" href='https://sick-stiftung.org/rws/wp-content/uploads/2017/08/ZMF-Gala-web2.jpg'><img width="400" height="225" src="https://sick-stiftung.org/rws/wp-content/uploads/2017/08/ZMF-Gala-web2-400x225.jpg" class="attachment-thumbnail size-thumbnail" alt="" srcset="https://sick-stiftung.org/rws/wp-content/uploads/2017/08/ZMF-Gala-web2-200x113.jpg 200w, https://sick-stiftung.org/rws/wp-content/uploads/2017/08/ZMF-Gala-web2-300x169.jpg 300w, https://sick-stiftung.org/rws/wp-content/uploads/2017/08/ZMF-Gala-web2-400x225.jpg 400w, https://sick-stiftung.org/rws/wp-content/uploads/2017/08/ZMF-Gala-web2-600x338.jpg 600w, https://sick-stiftung.org/rws/wp-content/uploads/2017/08/ZMF-Gala-web2-768x432.jpg 768w, https://sick-stiftung.org/rws/wp-content/uploads/2017/08/ZMF-Gala-web2-800x450.jpg 800w, https://sick-stiftung.org/rws/wp-content/uploads/2017/08/ZMF-Gala-web2-1024x576.jpg 1024w, https://sick-stiftung.org/rws/wp-content/uploads/2017/08/ZMF-Gala-web2.jpg 1200w" sizes="(max-width: 400px) 100vw, 400px" /></a>
			</dt></dl><dl class='gallery-item'>
			<dt class='gallery-icon portrait'>
				<a data-rel="iLightbox[postimages]" data-title="ZMF-Gala-web1" data-caption="" href='https://sick-stiftung.org/rws/wp-content/uploads/2017/08/ZMF-Gala-web1.jpg'><img width="400" height="225" src="https://sick-stiftung.org/rws/wp-content/uploads/2017/08/ZMF-Gala-web1-400x225.jpg" class="attachment-thumbnail size-thumbnail" alt="" /></a>
			</dt></dl><br style="clear: both" />
		</div>

<p>Der Förderkreis Freiburger Musikfestival e. V. begleitet und unterstützt seit vielen Jahren die Freiburger Kulturarbeit – vor allem das Zelt-Musik-Festival (ZMF) – aber auch weitere, kleinere Institutionen, wie die Internationale Klavierakademie oder das Fest der Innenhöfe. Seit November 2012 ist der Förderkreis außerdem Träger der “Kulturstiftung Musik für Menschen”. Der Stiftungszweck lautet „Förderung von Kunst und [&hellip;]</p>
